x(n) = -2*n**2 + 1 + 0*n - 2*n + 0*n. Give x(h).
-11
Let s be 1 - (-1 - 2)/1. Suppose -2*i + 38 = s*t, 47 = 4*t + 5*i + 12. Let m be t/(-25) + 24/10. Let g(u) = -u**2 + 4*u + 1. What is g(m)?
5
Let t(p) = 4*p + 8. Let a = 12 - 18. What is t(a)?
-16
Let h(c) = -6 - 7*c + c**2 - 1 + 4. Determine h(4).
-15
Let k = 21 - 17. Let b(w) = -3*w + 5. Give b(k).
-7
Let f = -1 - -9. Suppose 20 = f*v - 3*v. Let m(j) = j**3 - 3*j**2 - 5*j + 5. What is m(v)?
1
Let t(c) = c**3 - 3*c + 1. Let f = 8 - 4. Suppose f*o - 2*o - 10 = 0. Suppose -1 = 2*z - o. Calculate t(z).
3
Let o be 3*(-2)/(-18)*-3. Let g(h) = -3*h**2 + 2*h + 1. Determine g(o).
-4
Let x(s) = -s**3 - 5*s**2 - 5*s + 2. Let z(g) = -g**3 - 6*g**2 - 6*g + 2. Let v(q) = 6*x(q) - 5*z(q). Determine v(0).
2
Let m(h) = 3*h**2 - 21*h - 11. Let n(d) = -2*d**2 + 14*d + 7. Let o(y) = -5*m(y) - 8*n(y). What is o(5)?
-11
Let c(r) = 3*r + 10. Let t(x) = x + 2. Let j(m) = -3*c(m) + 12*t(m). Determine j(-5).
-21
Let o(z) be the third derivative of 2*z**2 + 1/30*z**5 + 0*z + 0 - 1/12*z**4 - 1/6*z**3. Let p be o(2). Let h(q) = q + 3. Give h(p).
6
Let u(a) = a. Let r be (-3 + 3 - -3) + -3. Suppose -2*b + 4*i = -16, 0 = -r*b - b - 4*i - 10. What is u(b)?
2
Suppose 2*j + 9 = 5*c - 6, -5*j - c = -3. Suppose -r - 1 + 3 = j. Let s(z) = -2*z**3 + 2*z**2 + 2*z - 3. Give s(r).
-7
Let x(a) = a**2 - 11*a + 8. Let d be x(10). Let y = 2 - d. Let g(r) = r**2 - 6*r + 6. Let f be g(y). Let s(q) = -3*q**2 - 3*q - 3. Give s(f).
-9
Let i = 0 - -1. Let v = 1 + i. Let o(k) = 3*k - 2. Let u(h) = 4*h - 3. Let f(n) = -5*o(n) + 4*u(n). Calculate f(v).
0
Suppose -3*q + 0*v - v = -13, 2*q - 4*v = -10. Let l(a) = -7 - 2*a**2 + 2 + q*a + 4*a. Suppose 2*d + 1 = 3*b - 1, -2*d - 10 = -5*b. Calculate l(b).
-9
Let y(n) = n**3 + 17*n**2 - 87*n - 61. Let u be y(-21). Let q = 8 + -5. Let a(z) = -z - 1 - z + q*z. Determine a(u).
1
Let y(p) = p**2 - 5*p - 3. Let b be 1 - (-2)/((-10)/(-15)). What is y(b)?
-7
Let t(s) be the second derivative of -s**4/12 + 5*s**3/6 + 5*s**2/2 - s. Let f = 0 - 0. Let i = f + 5. What is t(i)?
5
Suppose o + 2 = 2*o. Let q(d) = o - 3*d + 4 - 1. What is q(4)?
-7
Suppose 0 = 4*f - 2*m - 136, 5*f - 44 - 128 = 2*m. Suppose 4*s = v - 5*v + f, 27 = 5*s - 4*v. Let w(z) = -z**3 + s*z**2 - 7*z + 2*z - z**2. Determine w(5).
0
Suppose -7 = -d + 3*j, -4*j = d + 1 - 8. Let u(y) = 7*y**2 - 11*y + 16. Let g(x) = -3*x**2 + 6*x - 8. Let m(h) = 5*g(h) + 2*u(h). Calculate m(d).
-1
Let f(r) be the first derivative of r**2/2 - 6*r + 2. Let d = -17 - -23. Determine f(d).
0
Let w(l) = l**3 + l**2 - l - 1. Let i(p) = 9*p**3 + 6*p**2 - 6*p - 6. Let k(z) = -i(z) + 5*w(z). Suppose 3*f - 2*f + 11 = 5*s, -10 = 4*f - 3*s. Give k(f).
3
Let p(w) = w**3 + 9*w**2 + 8*w - 1. Let k be p(-8). Let l(n) = -3*n**2 - 3*n. Let i(z) = -z**2 + z. Let t(v) = 4*i(v) + l(v). Give t(k).
-8
Let h(n) = -n**2 - n + 2. Let i be h(0). Let v be ((-3)/i)/((-12)/32). Suppose 3*c = v*c + 3. Let x(s) = -2*s - 3. What is x(c)?
3
Let z(q) be the second derivative of -2/3*q**3 + 1/4*q**4 - 6*q + 3/2*q**2 + 0. Calculate z(2).
7
Let r(v) = -2 - 2 - v + 10*v - 8*v. Determine r(-6).
-10
Let u(w) be the third derivative of -4*w**2 + 0*w**3 - 1/8*w**4 + 0*w + 0 - 1/720*w**6 + 1/20*w**5. Let k(r) be the second derivative of u(r). Calculate k(5).
1
Let l(r) = r**2 + 3*r - 1. Let b be l(-4). Let d(o) = -3*o - 3. Let j be d(b). Let i be (-11)/(-3) + j/18. Let x(f) = -f - 3. Determine x(i).
-6
Let j(i) be the third derivative of 1/15*i**5 + 3*i**2 - 1/120*i**6 + 0*i + 0*i**4 + 0 - 1/2*i**3. Determine j(3).
6
Let q be 0/((-1)/(-3)*-3). Let u(x) = -x**3 + x**2 - 2. Calculate u(q).
-2
Let a(s) = 12*s**3 + 2*s**2 - 1. Let b be ((-2)/4)/(-2 - (-9)/6). What is a(b)?
13
Suppose 0 = 5*b - 3*u - 71, -b + 2*u = -3*b + 22. Let m = -8 + b. Let x(q) = 6*q + 2*q**2 - 2*q - 3*q**2 - 3. Determine x(m).
-8
Let m(d) = -d + 1. Let r(p) = -5*p. Let a be 2/(-1*(-6)/3). Let z be (-2)/1 - (-2 - a). Let g be r(z). Determine m(g).
6
Let y(q) be the first derivative of -1/3*q**3 - 1/12*q**4 + q + 2*q**2 + 2. Let h(o) be the first derivative of y(o). Give h(-4).
-4
Let j(c) = 4 - c + 1 + c**2 - 3*c. Suppose 6*k = 3*k + 15. What is j(k)?
10
Let f be (-15)/5 - (2 - 0). Let a(d) = -d + 1. Calculate a(f).
6
Let o(t) = t**3 + 2 + 1 + 5*t**2 - 2 + 3 + 2*t. What is o(-5)?
-6
Let j(h) = -h**3 - 7*h**2 - 6*h + 1. Let s be ((-9)/2)/(12/16). Determine j(s).
1
Let c(r) = r**3 - 6*r**2 + 6*r. Suppose 0*a = 2*x + 5*a + 2, x + a = 2. Calculate c(x).
-8
Let h(v) = -6*v**2 - v - 1. Let x = -5 + 6. Let c be (x*(-3)/3)/1. Determine h(c).
-6
Let g(u) be the first derivative of -1/3*u**3 - 1 - u - 1/2*u**2. Calculate g(-1).
-1
Suppose 5*c + 5*s = 2*s - 26, 5*s = -5*c - 30. Let r(i) be the first derivative of -i**2 + 2*i + 125. Calculate r(c).
10
Suppose 3 + 5 = 4*d. Let r be 3/((-6)/d) - -1. Let a(u) = -u. Calculate a(r).
0
Let y(c) be the third derivative of c**4/24 - 5*c**3/6 + 21*c**2. Let n(b) = b + 9. Let d be n(-4). Calculate y(d).
0
Let o(k) = 5*k - 5. Let u(f) be the third derivative of -f**3/6 + 2*f**2. Let p(t) = -o(t) + 5*u(t). Give p(-1).
5
Let d(h) = 2*h + 3. Let z(x) = x**3 + 6*x**2 - x - 3. Let m be z(-6). Let b be (-3)/m*(-2 + 6). Give d(b).
-5
Let c be 0 - -2 - (-4 - -2). Let k(n) = 0 + 5*n - 7*n + 0*n + 2. What is k(c)?
-6
Suppose -2*w - 8 = 2*i, 2*w - 5 = i - 16. Let v(p) = -p - 10. Let o(g) = 3. Let f(j) = 7*o(j) + 2*v(j). What is f(i)?
-1
Let f(r) = 3*r**2 + 4. Suppose 2*b = x + 1 - 0, -b + 8 = 2*x. Calculate f(x).
31
Let d(k) = k**3 + 2*k**2 + 4*k + 2. Let g be d(-2). Suppose 4*p - p - 15 = 3*q, -p + 4*q = -17. Let v = g + p. Let f(s) = s - 1. What is f(v)?
-6
Let i(x) be the second derivative of 3*x**2 - x**3 + 3*x + 1/12*x**4 + 0. Calculate i(5).
1
Let d(q) = q**3 - 5*q**2 + 2*q - 6. Let s(a) = -a**3 + 31*a**2 + 5. Let c be s(31). What is d(c)?
4
Let h(g) = -20*g + 1. Let q = 12 - 13. Give h(q).
21
Suppose -8*s + 5*s + 9 = 0. Let h(z) be the first derivative of z**2/2 - 4*z + 2. Calculate h(s).
-1
Suppose -3*x - 5*u + 12 = -8, 2*x + u - 4 = 0. Let i = -2 - x. Let w(m) = 0 + m**2 + 0*m**2 - 1 - m. Determine w(i).
5
Let m(b) = b**2 + 3*b + 2. Let f be (18/21)/(3/(-21)). Let z(g) = g + 4. Let l be z(f). Give m(l).
0
Let k(w) = -6*w + 7*w**2 - 91*w**3 - 2 + w + 6 + 90*w**3. Give k(6).
10
Let p(t) = -22 - 16 + 38 + t. Calculate p(-2).
-2
Let y = -39 + 42. Let o(w) be the third derivative of 0*w + 1/6*w**4 - y*w**2 + 0 + 0*w**3. Give o(-3).
-12
Let y = 1 - -1. Let f(v) = 3*v + 2 - 4*v**2 - y*v + v + 3*v**2. Determine f(4).
-6
Let d(b) = -4*b**2 + 5*b - 5. Let p be d(1). Let v(f) = -f**2 - 4*f + 5. Calculate v(p).
5
Let u(w) = w**3 - w**2 - 1. Let y(i) = -5*i**3 - 3*i**2 - 1. Let m(x) = -2*u(x) + y(x). Let b be 2/(-7) - (-32)/14. Suppose -b*c - 2 = -4. Calculate m(c).
-7
Let u = -1 + 2. Let o(g) = -g**3 + 939*g**2 + 3*g**3 - 939*g**2. What is o(u)?
2
Let f(q) be the third derivative of -q**4/24 - q**3/6 + q**2. Let d = -4 + 12. Suppose 4*a - 2*z = -0*a, 5*z = 2*a + d. What is f(a)?
-2
Suppose 0 = -h - 2*h + 6. Suppose -25 = -h*o + 9. Suppose -2*f = 4*z - 2, -3*f - o = -z + 2*f. Let q(j) = 4*j - 1. Determine q(z).
7
Let m(r) = 2*r**3 + r**2 - 8. Let l(w) = w**3 + w**2 - 4. Let g(b) = -7*l(b) + 4*m(b). Let j = -17 + 20. What is g(j)?
-4
Let f(k) = 4*k - 3*k**3 - 4*k - 2*k**2 - k + 0*k**2. Give f(-1).
2
Let u(z) = 5*z**2 - 6. Let i(v) = 11*v**2 - v - 12. Let l(s) = -4*i(s) + 9*u(s). What is l(-6)?
6
Let d = 9 - 9. Let v(t) = 2*t**3 + 4 - 6 - 3 - t**2 - 3*t**3 - t. Calculate v(d).
-5
Let u(v) = v - 3. Let n be u(7). Let b(j) = -j + 2. Let m be b(n). Let y(i) = -i**2 - 3*i + 1. Let t be y(m). Let g(p) = p - 3. Calculate g(t).
0
Let c(v) = -v**3 - 7 + 15*v + 6*v - 22*v. What is c(0)?
-7
Let u(y) = -11*y + 8. Let v(o) = 4*o - 3. Let l(z) = -3*u(z) - 8*v(z). Suppose 5*n - 20 = -5*r, 4*r - 5*n + 41 = 12. Calculate l(r).
-1
Let j(t) be the second derivative of -t**5/20 + t**4/4 + t**3 - 3*t**2/2 + 13*t. Let k(o) = o**2 + 3*o - 6. Let v be k(-5). What is j(v)?
5
Let t = -1 - 2. Let j(h) = -h - 3. Let q(n) = -n - 3. Let m(p) = t*j(p) + 2*q(p). Let o = -4 - -2. Give m(o).
1
Let o = 7 - 2. Let l be (3 - (o + -3))/1. Let c(j) = -3*j**3 + 3*j + 1. Let r(y) = -y**3 + y + 1. Let f(v) = c(v) - 2*r(v). Calculate f(l).
-1
Let a(c) = -c + 1. Let 